{"id":179,"date":"2022-07-28T09:21:02","date_gmt":"2022-07-28T07:21:02","guid":{"rendered":"https:\/\/lecoreparateurdevelo.fr\/?page_id=179"},"modified":"2022-11-14T10:48:29","modified_gmt":"2022-11-14T09:48:29","slug":"velos-a-vend","status":"publish","type":"page","link":"https:\/\/www.lecoreparateurdevelo.fr\/?page_id=179","title":{"rendered":"C\u00f4t\u00e9 \u00e9cologie"},"content":{"rendered":"\n<p>Tourn\u00e9 vers la minimisation de l&#8217;emprunte environnementale, j&rsquo;ai une d\u00e9marche de r\u00e9emploi lors de mes r\u00e9parations de v\u00e9los.<br>De m\u00eame ce site web est op\u00e9r\u00e9 avec des fonds d&rsquo;\u00e9cran sombres permettant d&rsquo;\u00e9conomiser l&rsquo;\u00e9nergie des \u00e9crans (PC, smartphone&#8230;).<br>Ainsi, j&rsquo;esp\u00e8re contribuer pour ma part \u00e0 la transition \u00e9cologique et vous aider \u00e0 r\u00e9duire aussi votre emprunte carbone (calculer votre emprunte <a style=\"color:#c8ff61\" href=\"https:\/\/nosgestesclimat.fr\/\">ici<\/a> !). <\/p>\n","protected":false},"excerpt":{"rendered":"<p>Tourn\u00e9 vers la minimisation de l&#8217;emprunte environnementale, j&rsquo;ai une d\u00e9marche de r\u00e9emploi lors de mes r\u00e9parations de v\u00e9los.De m\u00eame ce site web est op\u00e9r\u00e9 avec des fonds d&rsquo;\u00e9cran sombres permettant d&rsquo;\u00e9conomiser l&rsquo;\u00e9nergie des \u00e9crans (PC, smartphone&#8230;).Ainsi, j&rsquo;esp\u00e8re contribuer pour ma part \u00e0 la transition \u00e9cologique et vous aider \u00e0 r\u00e9duire aussi votre emprunte carbone (calculer&hellip;&nbsp;<a href=\"https:\/\/www.lecoreparateurdevelo.fr\/?page_id=179\" rel=\"bookmark\">Lire la suite &raquo;<span class=\"screen-reader-text\">C\u00f4t\u00e9 \u00e9cologie<\/span><\/a><\/p>\n","protected":false},"author":1,"featured_media":0,"parent":0,"menu_order":0,"comment_status":"closed","ping_status":"closed","template":"","meta":{"neve_meta_sidebar":"","neve_meta_container":"","neve_meta_enable_content_width":"off","neve_meta_content_width":100,"neve_meta_title_alignment":"","neve_meta_author_avatar":"","neve_post_elements_order":"","neve_meta_disable_header":"","neve_meta_disable_footer":"","neve_meta_disable_title":"","footnotes":""},"class_list":["post-179","page","type-page","status-publish","hentry"],"_links":{"self":[{"href":"https:\/\/www.lecoreparateurdevelo.fr\/index.php?rest_route=\/wp\/v2\/pages\/179","targetHints":{"allow":["GET"]}}],"collection":[{"href":"https:\/\/www.lecoreparateurdevelo.fr\/index.php?rest_route=\/wp\/v2\/pages"}],"about":[{"href":"https:\/\/www.lecoreparateurdevelo.fr\/index.php?rest_route=\/wp\/v2\/types\/page"}],"author":[{"embeddable":true,"href":"https:\/\/www.lecoreparateurdevelo.fr\/index.php?rest_route=\/wp\/v2\/users\/1"}],"replies":[{"embeddable":true,"href":"https:\/\/www.lecoreparateurdevelo.fr\/index.php?rest_route=%2Fwp%2Fv2%2Fcomments&post=179"}],"version-history":[{"count":7,"href":"https:\/\/www.lecoreparateurdevelo.fr\/index.php?rest_route=\/wp\/v2\/pages\/179\/revisions"}],"predecessor-version":[{"id":827,"href":"https:\/\/www.lecoreparateurdevelo.fr\/index.php?rest_route=\/wp\/v2\/pages\/179\/revisions\/827"}],"wp:attachment":[{"href":"https:\/\/www.lecoreparateurdevelo.fr\/index.php?rest_route=%2Fwp%2Fv2%2Fmedia&parent=179"}],"curies":[{"name":"wp","href":"https:\/\/api.w.org\/{rel}","templated":true}]}}